 44 = -d. Let g be 5 - 798/154 - (-1328)/44. What is the greatest common factor of g and d?
6
Let p = -44 - -42. Let a be 0 + 1*p/(-2). What is the highest common divisor of a and 2?
1
Let s be (-3)/(-3)*(1 - -2). Let n be (2*2/(-1))/(-2). Suppose -n*m + 3 = -s. Calculate the greatest common factor of m and 1.
1
Let i = -7 - -13. Suppose -4 = -t - t. Suppose 10 = 2*f + 2*y, -t - 5 = -5*f + y. What is the greatest common divisor of f and i?
2
Let h(x) = 9*x**3 + 4*x**2 + 4*x. Let v be h(-1). Let g(r) = -13*r - 27. Let m be g(v). What is the highest common factor of m and 36?
18
Suppose -4*x + 11 = -25. Suppose -3*h + 24 = 4*z + z, -4*z + 9 = -h. What is the highest common divisor of x and h?
3
Suppose -4*k = -i - 458 - 954, -20 = 5*i. What is the highest common factor of 8 and k?
8
Let h = -2 + 2. Suppose 4 = i - h*i. Suppose -12 = -4*b + o + 13, -b + 1 = 5*o. What is the greatest common factor of i and b?
2
Let b(t) = 3*t**2 - 32*t + 14. Let f be b(12). What is the greatest common factor of f and 279?
31
Suppose 7*v + 6 = 27. Calculate the highest common divisor of v and 75.
3
Let g be (2 - -2)*(1 - 0). Suppose g*d + 96 = 232. What is the greatest common factor of d and 17?
17
Let l be (-64*2)/((-10)/15). Calculate the highest common factor of l and 48.
48
Let k = 105 + -60. Suppose w - 14 = -8. Let p be (-56)/w*k/(-6). What is the highest common factor of p and 14?
14
Let j be 6/(-18) - (-410)/6. Let t(u) = 36*u - 127. Let v be t(4). Calculate the highest common divisor of v and j.
17
Let d = 4 + 1. Suppose 2*t = -3*h + 34, -3*t = -d*h - 9 - 23. Suppose -2179*z + 110414 = 63537 - 105653. Calculate the greatest common divisor of z and t.
14
Let d be (13 - 1)*2/(-3). Let l = d + 11. Let w(o) = 3*o**2 - 261*o - 2591. Let t be w(96). Calculate the greatest common factor of t and l.
1
Suppose 0 = 32*y - 102 - 3162. Calculate the highest common divisor of 12 and y.
6
Let u(t) = -2*t + 14. Let h be u(-10). Suppose 258 - h = 4*j. What is the greatest common factor of 7 and j?
7
Let h(u) = -23*u - u**3 - 7 + u**2 - 18*u**2 + 5*u**2. Let c be h(-10). Calculate the greatest common factor of c and 138.
23
Let u(k) = 2*k**2 - 23*k + 10. Let v be u(11). Let r be 74/5 + v/(-5). What is the highest common factor of r and 120?
15
Suppose -13*a + 9*a + 1243 = 3*j, -j + 409 = -4*a. Calculate the greatest common divisor of 7 and j.
7
Let l(q) = 2*q**2 + 11*q + 87*q**3 + 0*q**2 - 12*q. Let s be l(1). Let u be (10 - (-4)/(-2))*1. What is the greatest common factor of s and u?
8
Let a = -596 - -809. What is the highest common divisor of 781 and a?
71
Let j = -126 + 241. Calculate the highest common factor of j and 23.
23
Suppose -5*s = -2*s + i - 278, -183 = -2*s - 3*i. Let n = s - -24. What is the greatest common divisor of n and 13?
13
Let a be (-3)/(-1 + 4)*4. Let d = 4 + a. Suppose 4*l - l - 51 = d. What is the greatest common divisor of l and 136?
17
Let w(m) = 8*m + 11. Let c be w(9). Let n = 88 - c. Calculate the greatest common divisor of 65 and n.
5
Suppose -6 + 142 = u + 5*p, 4*u + 3*p - 510 = 0. Calculate the greatest common factor of 322 and u.
14
Suppose 0 = 56*i - 54*i - 128. Let a = 52 + -36. Calculate the greatest common factor of i and a.
16
Suppose 3*w + 2*w - 5*k + 20 = 0, 2*w = k - 11. Suppose -t - 6 = -27. Let y be 159/t + (-3)/w. Calculate the greatest common divisor of y and 8.
8
Let k = -4 + 20. Suppose -2*x + y = -8 - k, 2*x = 5*y + 24. What is the highest common divisor of x and 12?
12
Suppose -1844 = -3*r - 1796. Let w be (5*1)/(-3 + 2). Let y be w/(-25) - (-478)/10. What is the greatest common factor of r and y?
16
Let c be (-3 - 0)*2/(-3). Let d(w) = 12*w**2 - 3*w - 2. Let y be d(c). Suppose -a + y + 48 = 0. Calculate the highest common divisor of 8 and a.
8
Let a be (6 - (6 - -5)) + 878. What is the greatest common divisor of a and 9?
9
Let h(t) = 92*t - 40. Let j be h(1). What is the greatest common factor of j and 767?
13
Let y(o) = -o**3 + 4*o**2 + 4*o + 2. Let i be y(5). Let k = 0 - i. Let v = k - -12. Calculate the highest common factor of 135 and v.
15
Let o be (-28)/(-8) + 0 + (-4)/(-8). Suppose 2*k - 83 = -3*k + l, -o*k + 67 = -l. Calculate the highest common divisor of k and 112.
16
Suppose -o - 21 + 22 = 0. Calculate the greatest common divisor of 19 and o.
1
Suppose -4*i + 96 = -2*i. Suppose -10*s + 12 - 2 = 0. Suppose -3*o = -2*d - 68, 4*d - 7 - s = 0. Calculate the highest common divisor of i and o.
24
Let c be 35*(-3 + (4 - 2)). Let n = -31 - c. What is the greatest common divisor of 44 and n?
4
Let z(s) = -6*s - 213. Let r be z(-36). What is the greatest common divisor of 507 and r?
3
Let t = -1874 + 3316. Calculate the greatest common factor of 14 and t.
14
Let v be 28*((-1070)/8)/(-5) - -1. What is the highest common divisor of 30 and v?
30
Suppose u - 4*p + 56 = -u, 2*u + 76 = -p. Let m = -18 - u. What is the highest common divisor of 18 and m?
18
Suppose -5*c + 95 = -5*h, c - 5*c + 2*h + 68 = 0. What is the highest common divisor of c and 5?
5
Let s be ((128/14)/2)/(2/7). Calculate the highest common factor of 12 and s.
4
Let d be 9/(-2 + 5/4). Let z be (-146)/d + (-3)/18. Suppose -37 = -4*h + 5*k, z - 33 = -3*h - 3*k. What is the greatest common divisor of 80 and h?
8
Let z = 340 - 314. What is the highest common divisor of 117 and z?
13
Suppose 0 = c, -3358 = -4*i + 2*c + 1850. Calculate the highest common divisor of i and 42.
42
Suppose 5*b - 3*n = 15, 3*b + 3*n = 4*n + 9. Suppose o = 3*x - 5*x, -b*x - 4*o + 5 = 0. Let k be 7/((-1)/2*x). Calculate the highest common factor of k and 98.
14
Suppose 2*z + 149 = 3*j, -2*z + 87 = 5*j - 156. What is the greatest common divisor of j and 42?
7
Suppose 4*n + 7 = 5*k, 3*k - 3*n = 2*k - 3. Let q = -75 - -52. Let o = q - -26. Calculate the highest common factor of k and o.
3
Suppose 11*w - 64 = 46. Calculate the highest common divisor of 400 and w.
10
Suppose 0 = 4*v - 2*v - 8. Suppose -449 = -4*w + 3*z, 6*z = v*w + 2*z - 444. Calculate the greatest common factor of 29 and w.
29
Let s(d) = -2 + 15 + d**2 + 4 - 6*d. Let a be s(5). Let m be 4*-8*(-21)/a. What is the highest common divisor of 8 and m?
8
Let s = 124 - 63. Let c = -52 + s. What is the highest common factor of 279 and c?
9
Let b(p) = 59*p + 45. Let m be b(5). Calculate the greatest common factor of m and 60.
20
Let h = 131 + -120. Let b = h + 24. What is the greatest common factor of b and 14?
7
Suppose 0 = -10*z + 7*z + 15. Suppose z*d - 131 + 41 = -f, -5*f + 402 = d. What is the highest common factor of f and 30?
10
Suppose 0 = -9*l + 12*l - 57. Let u = l - 18. Suppose w + m = 17, 0 = -2*w + 5*m + u + 12. Calculate the greatest common factor of 21 and w.
7
Let h be (-2)/5*(-362 + 2). Suppose 5*y = -3*r + h, 2*y - 31 = r + 20. Calculate the greatest common factor of 243 and y.
27
Let r(h) be the first derivative of -37*h**2/2 - 2*h - 3. Let o be r(-2). Calculate the greatest common divisor of o and 9.
9
Suppose -4*t - 309 = -1269. Suppose 4*h + 45 = 2*j + 179, -3*j + 15 = 0. Let s be ((-32)/(-6))/(8/h). What is the greatest common divisor of s and t?
24
Let g = 351 - 175. Calculate the greatest common divisor of 33 and g.
11
Let j(f) = f**3 + 29*f**2 + 51*f - 79. Let z be j(-27). What is the greatest common divisor of z and 56?
2
Suppose 2*c + 216 = 5*h - 1643, 3*c + 1856 = 5*h. Suppose -2*u = -0*u - 530. Let q = h - u. What is the highest common divisor of 12 and q?
12
Let l be (-2 - -3)/(3/12). Suppose 2*a + l = -18. Let w(j) = j**2 + 11*j + 10. Let o be w(a). Calculate the highest common divisor of o and 2.
2
Suppose -4*w - 336 = -7*w. Suppose -35 = -4*n + 101. Suppose -4*d = -30 - n. What is the greatest common divisor of w and d?
16
Let b = -54 + 166. Suppose 208 + 814 = 73*w. What is the greatest common divisor of b and w?
14
Suppose 4*i - 280 = 16. Calculate the highest common factor of i and 2.
2
Suppose -43*c = -10*c - 16335. What is the highest common factor of 110 and c?
55
Suppose 2*i = 2*r - 4, 0 = 2*r + i - 2 - 2. Let c(w) = -1 + 6*w**2 + 8*w + w**3 - w - 7 + 4*w**r. Let n be c(-9). What is the highest common factor of n and 15?
5
Let u = -28 + 126. Suppose 12 = -5*o + 2, -3*k + 2*o = -46. What is the highest common divisor of u and k?
14
Let d be 140/75 - (148/15 - 10). Calculate the greatest c